git of 874847?
4
What is the hundred thousands digit of 5163692?
1
What is the tens digit of 314702?
0
What is the units digit of 5072857?
7
What is the units digit of 215223?
3
What is the thousands digit of 232837?
2
What is the units digit of 19329450?
0
What is the hundred thousands digit of 161395?
1
What is the units digit of 3514030?
0
What is the hundreds digit of 21160623?
6
What is the hundreds digit of 122599?
5
What is the units digit of 250108?
8
What is the units digit of 3498434?
4
What is the millions digit of 11552872?
1
What is the hundred thousands digit of 2075626?
0
What is the ten thousands digit of 208176?
0
What is the units digit of 313687?
7
What is the ten thousands digit of 357245?
5
What is the units digit of 614597?
7
What is the hundred thousands digit of 115911?
1
What is the tens digit of 6938055?
5
What is the tens digit of 7506619?
1
What is the thousands digit of 1883112?
3
What is the millions digit of 6825440?
6
What is the hundred thousands digit of 252683?
2
What is the tens digit of 9618371?
7
What is the tens digit of 744294?
9
What is the hundred thousands digit of 161941?
1
What is the ten millions digit of 15577509?
1
What is the units digit of 16790151?
1
What is the thousands digit of 44897?
4
What is the ten thousands digit of 96083?
9
What is the thousands digit of 1579291?
9
What is the units digit of 783299?
9
What is the units digit of 3629952?
2
What is the units digit of 192645?
5
What is the ten thousands digit of 9459272?
5
What is the hundreds digit of 2980783?
7
What is the ten thousands digit of 392401?
9
What is the units digit of 12858413?
3
What is the millions digit of 16898992?
6
What is the tens digit of 6119691?
9
What is the thousands digit of 67210?
7
What is the millions digit of 2076816?
2
What is the tens digit of 1579294?
9
What is the tens digit of 27528?
2
What is the units digit of 333889?
9
What is the hundred thousands digit of 171554?
1
What is the units digit of 725359?
9
What is the units digit of 2848849?
9
What is the tens digit of 1320040?
4
What is the hundreds digit of 1059673?
6
What is the millions digit of 1296891?
1
What is the ten thousands digit of 566571?
6
What is the ten thousands digit of 721139?
2
What is the ten thousands digit of 1236029?
3
What is the units digit of 472853?
3
What is the hundreds digit of 233359?
3
What is the tens digit of 2822252?
5
What is the units digit of 710826?
6
What is the hundreds digit of 6350725?
7
What is the hundreds digit of 7627952?
9
What is the units digit of 220269?
9
What is the tens digit of 1112194?
9
What is the thousands digit of 405843?
5
What is the millions digit of 2024365?
2
What is the units digit of 137462?
2
What is the hundred thousands digit of 418500?
4
What is the hundreds digit of 18335839?
8
What is the units digit of 10517481?
1
What is the hundreds digit of 2653785?
7
What is the millions digit of 5827665?
5
What is the millions digit of 1949783?
1
What is the tens digit of 2202777?
7
What is the millions digit of 1560181?
1
What is the ten millions digit of 12355438?
1
What is the hundreds digit of 216921?
9
What is the hundred thousands digit of 175987?
1
What is the tens digit of 30742156?
5
What is the thousands digit of 373021?
3
What is the units digit of 1558576?
6
What is the tens digit of 1627090?
9
What is the units digit of 232482?
2
What is the tens digit of 367829?
2
What is the thousands digit of 2200547?
0
What is the units digit of 2208291?
1
What is the tens digit of 65911?
1
What is the ten thousands digit of 447107?
4
What is the thousands digit of 4082667?
2
What is the hundreds digit of 24621?
6
What is the ten millions digit of 12085889?
1
What is the tens digit of 279662?
6
What is the tens digit of 4646057?
5
What is the tens digit of 35563?
6
What is the hundred thousands digit of 19266664?
2
What is the units digit of 61532?
2
What is the units digit of 2536674?
4
What is the hundred thousands digit of 153742?
1
What is the ten thousands digit of 1144213?
4
What is the tens digit of 1130440?
4
What is the thousands digit of 203907?
3
What is the ten thousands digit of 103839?
0
What is the hundreds digit of 79717?
7
What is the units digit of 5275246?
6
What is the tens digit of 1894528?
2
What is the units digit of 14022758?
8
What is the units digit of 552468?
8
What is the hundreds digit of 61272?
2
What is the units digit of 22055822?
2
What is the tens digit of 1629690?
9
What is the hundreds digit of 263028?
0
What is the hundreds digit of 2591942?
9
What is the units digit of 646325?
5
What is the hundred thousands digit of 327174?
3
What is the units digit of 539508?
8
What is the hundreds digit of 257638?
6
What is the thousands digit of 342438?
2
What is the ten thousands digit of 417316?
1
What is the thousands digit of 2124183?
4
What is the millions digit of 1155358?
1
What is the units digit of 433556?
6
What is the ten thousands digit of 15233312?
3
What is the units digit of 212198?
8
What is the ten thousands digit of 238247?
3
What is the hundred thousands digit of 784061?
7
What is the millions digit of 1257988?
1
What is the tens digit of 2525449?
4
What is the hundreds digit of 1396731?
7
What is the tens digit of 792804?
0
What is the tens digit of 8964901?
0
What is the ten thousands digit of 9875157?
7
What is the ten thousands digit of 10376627?
7
What is the hundreds digit of 252648?
6
What is the hundred thousands digit of 11075393?
0
What is the millions digit of 4885011?
4
What is the thousands digit of 174753?
4
What is the thousands digit of 8835547?
5
What is the thousands digit of 1816935?
6
What is the hundred thousands digit of 14363447?
3
What is the tens digit of 221057?
5
What is the hundred thousands digit of 497454?
4
What is the units digit of 1098748?
8
What is the hundreds digit of 495355?
3
What is the millions digit of 4437007?
4
What is the hundreds digit of 84610?
6
What is the ten millions digit of 35958309?
3
What is the hundred thousands digit of 474327?
4
What is the hundred thousands digit of 8738359?
7
What is the ten millions digit of 19844309?
1
What is the units digit of 584822?
2
What is the thousands digit of 5588183?
8
What is the ten thousands digit of 90732?
9
What is the units digit of 5080433?
3
What is the tens digit of 4367509?
0
What is the millions digit of 5553893?
5
What is the hundred thousands digit of 3343997?
3
What is the millions digit of 2030054?
2
What is the ten thousands digit of 5701312?
0
What is the ten thousands digit of 5045712?
4
What is the hundreds digit of 2135102?
1
What is the hundred thousands digit of 849700?
8
What is the ten thousands digit of 127432?
2
What is the units digit of 1874841?
1
What is the hundreds digit of 200482?
4
What is the units digit of 166102?
2
What is the thousands digit of 73061?
3
What is the tens digit of 1233499?
9
What is the tens digit of 105365?
6
What is the millions digit of 6579636?
6
What is the hundreds digit of 772015?
0
What is the ten thousands digit of 195842?
9
What is the tens digit of 734693?
9
What is the hundred thousands digit of 439200?
4
What is the hundreds digit of 19010353?
3
What is the millions digit of 2424079?
2
What is the ten thousands digit of 595573?
9
What is the thousands digit of 277101?
7
What is the thousands digit of 62100?
2
What is the tens digit of 238016?
1
What is the millions digit of 1357914?
1
What is the units digit of 1731842?
2
What is the hundred thousands digit of 131020?
1
What is the hundred thousands digit of 3634627?
6
What is the tens digit of 517602?
0
What is the tens digit of 8075348?
4
What is the tens digit of 7299935?
3
What is the hundred thousands digit of 148271?
1
What is the tens digit of 949448?
4
What is the thousands digit of 14672494?
2
What is the units digit of 282613?
3
What is the thousands digit of 1305206?
5
What is the ten millions digit of 28610363?
2
What is the ten thousands digit of 4063937?
6
What is the millions digit of 2106405?
2
What is the tens digit of 97639?
3
What is the hundreds digit of 1455670?
6
What is the ten thousands digit of 357181?
5
What is the tens digit of 983417?
1
What is the ten thousands digit of 187216?
8
What is the tens digit of 607